5 - 7530))?
90
-97 - (14 - (13 + (35 - 18)))
-81
What is the value of -22 + (3 + -36 - -26)?
-29
What is the value of (-74 - -16) + (-27 - (27 - 89))?
-23
What is the value of -36 - ((-2 - (3 - 24) - 13) + 1)?
-43
Calculate 225 - 220 - ((2 - 75) + 0 + 0).
78
What is the value of 17 + (-3 - 1) + -3 - (3 + -12 - 17)?
36
Evaluate -14 + -40 + 48 + -1 + 56 + 0.
49
Evaluate 115 + -52 + -8 + -65.
-10
Evaluate 4 - (-8 + -2) - 14 - ((4 - 1) + 31).
-34
What is the value of (-169 - -316) + -9 + -72?
66
What is -1 - (-1 - 10) - (873 - 848)?
-15
What is the value of 6 - (-6 + 21 + 87 + 13)?
-109
Calculate -1 + 10 - (-1043 + 1137 + 1 + 0 + -8).
-78
(-23 - (0 - 1)) + -3 + -11 + -19 + 23
-32
Evaluate -93 - (-5 + 9 + (-3 - (-24 - -13)) + -3).
-102
(-33 - (28 + (6 - 68))) + (-70 - -1) + -1
-69
-15 + 31 + -1 + (13 - 25) + 41
44
What is 61 - 39 - (13 + 18 + -15)?
6
What is -1 - (4 + 4 + 4) - (5 + -37)?
19
What is 13 + 9 + -2 - (-107 + 168)?
-41
Evaluate -1 - 5 - (120 - (-118 + 239)).
-5
Calculate -20 - (540 - 540 - (2 - 21)).
-39
What is 53 + (-18 - -1 - (4 - 1))?
33
Evaluate 18 - (52 - (12 + -2 + -27 + 5)).
-46
66 + (-129 - -22) + 53
12
Calculate -56 + -17 + 25 + -29 - -21.
-56
What is the value of (11 - (-5 + 2)) + (-19 - -19) + 21 + -20?
15
(5 - 144) + -71 - -76
-134
1 + -44 + 5 + (-37 - -4 - -30) + 8
-33
What is the value of -30 + -11 + 35 + (-7 - 9) - 57?
-79
Calculate -40 - (-24 + 10) - 16 - (0 + 12).
-54
Calculate -49 - (54 - 7 - 99).
3
Calculate -40 + -31 + 90 + 8 + -9 + -5.
13
What is the value of -37 + (-11 - (-19 - -5)) - (-42 + 43)?
-35
Evaluate -10 - ((-11 - (12 - 26)) + -43) - (3 - 14).
41
Calculate (6 - (-12 - -6)) + -2 + -21 + 45 + -7.
27
Evaluate -8 + -25 + (39 - 4) - ((-2 - -12) + 3).
-11
What is the value of (0 - -6) + (4 - 8) + 1 - (270 - 231)?
-36
What is -39 + 5 + 354 + -355?
-35
What is -3 - -198 - 191 - (7 + 1 + -1)?
-3
Calculate 18 - (-43 - -26 - -6 - 14).
43
-30 - (-39 + 16 - 80) - -9
82
What is -25 + (19 - 20 - (16 - -2))?
-44
Evaluate 0 + 72 + -28 + (-128 - -121).
37
Calculate (-23 - -28 - 7) + -8 + -3.
-13
Evaluate -30 - (28 - (93 - (14 + -25))).
46
Evaluate 264 + -210 + -30 + -67.
-43
8 + (0 - 4 - -3) + (2 - (-24 - -11))
22
Calculate -164 + (138 - 21) + -14.
-61
24 + -37 - 24 - -99
62
Calculate 34 + 3 + (5 - 8 - -2) + (-4 - -11).
43
((37 - 19) + 11 - -9) + (20 - 10)
48
Calculate 41 + (-13 - (-12 + 9) - -2 - -5).
38
Evaluate -1 - -2 - -41 - (219 - 194 - (33 + -2)).
48
What is (-5 - 2) + -4 + (8 + 2 - (-22 + 22))?
-1
Calculate -14 - -27 - -57 - 32.
38
(15 - -29) + -6 - -81 - (0 - -18)
101
Evaluate 51 - ((-49 - -31) + 59).
10
Evaluate -14 - -2 - (8 - (33 + -10)) - -9.
12
What is -168 - -130 - (-5 + 5)?
-38
-13 + 24 - 48 - (-69 + 85)
-53
Calculate 10 - ((-68 - -60) + 10).
8
Calculate 17 + 2 + (16 - 62 - -53).
26
22 + (14 - (39 - 10)) + 1 + -17
-9
Calculate (-58 - 3) + (-1153 - -1168).
-46
Evaluate 12 - (-49 + -43 + 43).
61
What is (-4 - 4 - -12) + -3 + 84 + (-42 - -35)?
78
Calculate 2 - 3 - (410 - 425).
14
Evaluate -21 + -156 + -159 + 472.
136
Calculate (27 - 1) + -68 - -42.
0
What is (-2 - (-5 + 2 + -4)) + (-854 - -885)?
36
What is 83 + -76 + (-2 - (3 + -6)) - (-1 - -12)?
-3
17 + (7 - 16) + (12 - 4) + 18
34
Calculate 7 - (-105 - (6 - 23 - (-82 - -50))).
127
Evaluate 23 - 53 - 14 - (10 + 35).
-89
Evaluate (6 - (-3 + -2 - (2 + (7 - 16)))) + -46.
-42
Calculate -25 + (68 - (18 - -20)) + -104.
-99
Evaluate -7 - (0 - -9 - (-2 - 44 - (8 - 13))).
-57
Evaluate -75 - -90 - (-5 - (4 - 11)) - 79.
-66
What is -75 - (3 - ((13 - -4) + -34 + 5 + 2))?
-88
Calculate (49 - (-35 + (37 - 18))) + -6.
59
Calculate 32 - (-21 - (-21 - -23)).
55
13 - (-34 + 4 - -121 - -30)
-108
What is -12 + -130 + 92 + (6 + 1 - -4)?
-39
(-7 - (8 - -2 - 12)) + (10 - 25)
-20
What is the value of -5 + 7 - (1 + -27 + 28 - (15 - 5))?
10
(2 - 36) + (-76 - (-161 - -68)) - -98
81
What is the value of (20 - -46) + (-5 - 109)?
-48
What is the value of 53 + (-53 - (14 - 11))?
-3
Evaluate (114 - 52) + (2 - -4) + -32 + 27.
63
Evaluate 32 - (119 + -109 + 70).
-48
Calculate (-7 - 71) + (42 - (23 - 13)).
-46
-239 + -151 + 371 + 39 + -2
18
Evaluate 1 - (88 + 2) - (224 - 222).
-91
What is 57 + -72 + (4 - 2) + -23 + -1?
-37
(23 - (-2 + 1)) + 21 + -48 + 54 + -35
16
7 - (-46 + 88) - -59
24
(-467 - -453 - (-23 - (-1 + 3 + -2))) + -17
-8
What is the value of 0 + -14 + (-59 + 31 - -46) - (41 - 0)?
-37
What is the value of 27 + -39 - (251 - 243)?
-20
What is the value of (-19 + 0 - (-2 + 1)) + (109579 - 109595)?
-34
38 - 23 - -78 - 81
12
What is the value of (-63 - (23 + -131)) + (3 - 105)?
-57
Evaluate (16 - 19 - 7 - -1) + -2 + -36.
-47
What is the value of -79 + (84 - -47) - 82?
-30
100 + -1 + (2 - 24) + -19
58
What is the value of -7 + 4 + (2 + 0 + 3 - (-159 - -112))?
49
What is the value of (-10 - (-32 + -3 + 18)) + 16?
23
What is the value of (8 + (0 - -78 - (-22 - -18)) - 0) + -11?
79
What is -13 - (20 + 9 + -41 + 9 - (-1 + -28))?
-39
What is the value of (-115 - -9) + (122 - -3)?
19
What is 12 + (22 + -8 + 24 - 20)?
30
35 + 2 + (-45 - (-1 + -20) - (0 - 14))
27
What is the value of -31 + -1 + -2 + -13 + -459 + 472?
-34
What is the value of 22 + (43 - 7) - 49?
9
Evaluate 60 + -155 + 31 + 21.
-43
What is 154 + (-120 - -40) + (-10 - -1)?
65
What is 34 + 22 - 1 - -5?
60
What is the value of 7 + 14 + (-8 - 1) - (11 + -10 - 5)?
16
Evaluate -224 - -95 - -92 - 39.
-76
What is the value of 16 + (-25 - -20 - (0 + -5 + 13)) - 100?
-97
Calculate 1 + 1 + 47 + 4 + 1 + -24 + 27.
57
Evaluate 10 + -2 - 9 - (-26 + 22 + 65).
-62
What is the value of 164 - (12 + 16 - -14) - (2 - -16)?
104
Calculate 109 + (-14 - (-43 - -82)).
56
1 + -33 - (3120 - 3173)
21
-47 + 2 + (-96 - -9) + 50
-82
What is 40 - (-26 + (-71 - -46 - -3))?
88
What is 192 - 107 - (69 - 3)?
19
Calculate (3 - -1) + (96 - 53) + -41 + -1 + -25.
-20
What is the value of 110 + 106 + -24 + -115?
77
Calculate 7 + 1 + 1 - (-2848 + 2825) - (2 - 1).
31
(-25 - -21) + (-16 - -2) - -120 - (-1 - 11)
114
What is the value of -28 + (200 - 86) - 63?
23
Calculate -20 + (13 - -30) + -68.
-45
What is -47 + (3 - (-6 + (8 + -10 + -6 - -18)))?
-48
What is (17 + -64 - -59) + (2 - 2) + 6 + -2?
16
What is 10 - (80 - 17) - -12 - (10 - -3)?
-54
Evaluate (-15 - -8 - -8 - 21) + 10 + -114.
-124
Calculate -8 + 5 - -6 - (6 + 15 + 8 - 4).
-22
Evaluate 30 + 3 - (9 + -1 - ((-37 - -51) + -5)).
34
-47 + 1 + (-41 - (-21 - 20)) - 6
-52
What is the value of (1 + 17 - (-267 + 276)) + 6?
15
What is 30 - (-72 - 18 - -35)?
85
What is the value of 32 + 1 + 3 - (-8 + 16 + (-23 - -3))?
48
What is the value of 34 + 24 + (-11 - 56)?
-9
Evaluate -22 + 0 + -1 - (38715 - 38744).
6
Calculate (4 - ((2 - -1) + 3)) + 4 + 74.
76
Evaluate 37 - 27 - (-2 - (-2 + -44 - 6)).
-40
(7 + 2 + -8 - -13) + -1 + -2
11
Calculate (-3 - (40 - 50)) + -15.
-8
Calculate 9 + (22 - 13) + 1 + -19.
0
Evaluate 3 + 0 + -80 - (-215 + 138 - -81).
-81
-3 + 27 + -26 - (0 + 1 - 46)
43
42 - (-22 + -38 + 85)
17
Calculate 39 - (8 + 13 + 7).
11
What is (-1 - 0 - -10) + (67 - (-19 + -34 + 55))?
74
6 + -13 + (25 + 24 + -45 - -5)
2
(-9 - 58 - (10 - -1)) + (7 - 6)
-77
(-482 - -481) + (-2 - 5) + 0
-8
Evaluate (20 + 27 - (6 + 15)) + -13.
13
What is the value of -12 - (-23 + 39 + -17 + -8)?
-3
-12 - (2 + 3 - ((-23 - -16) + (7 - 3)))
-20
What is -26 - (33 - -8) - (8 - 46)?
-29
27 - ((27 - -53) + -20)
-33
Evaluate -1 + -16 + 0 + (-52 + 50 - -76).
57
What is -4 + (-11 - -54) - 46?
-7
Evaluate -64 - (91 + -71 + -98).
14
Calculate (-10 - (-9 + -8 + 12) - (19 - 15)) + 90.
81
What is the value of (-24 - -36) + (-1 - (9 + -11))?
13
(-180 + 99 - 117) + 87
-111
Calculate (142 - (38 - -11)) + -102.
-9
(0 - 15 - (-528 - -509)) + -9
-5
Evaluate 8 + (-17 - -25 - -28 - 1).
43
What is 59 - ((-5 - -20) + (-3 + 16 - 27))?
58
What is -21 - (-226 + 219 - (-4 - -10))?
-8
What is -1 + -107 - ((1 - -1) + -33 + 10)?
-87
Evaluate 9 + (5 - (5 - 3)) - (114 - 56).
-46
Calculate -5 + -4 + 6 + -8 - (-115 + 94).
10
What is 9 + 5 + -7 + -15 + -46 + 51?
-3
20 + (1 - -6) + 15 + (-4 - 11)
27
Evaluate -81 + -156 - -147 - (-1 + 2 - (1 + -2)).
-92
What is the value of -115 + 21 + 4 - -54?
-36
Calculate (-16 - (11 - 5)) + 14 + -22 - -4.
-26
Evaluate ((8 - 10) + -18 - -20) + -13.
-13
Evaluate (-47 - -77 - (2 + 2)) + 21 + (-24 - 1).
22
What is the value of 19 - (-16 + 3 - (-54 + 43))?